rt -1 (base 11) to base 5.
-1
What is 7 (base 15) in base 7?
10
What is -15a (base 11) in base 15?
-c6
What is 41 (base 5) in base 11?
1a
What is -c (base 13) in base 8?
-14
2 (base 16) to base 2
10
What is -a (base 11) in base 3?
-101
59 (base 12) to base 10
69
-101 (base 4) to base 11
-16
What is 30 (base 13) in base 8?
47
-2 (base 6) to base 16
-2
Convert 24 (base 12) to base 7.
40
Convert 2 (base 16) to base 2.
10
Convert -1110 (base 2) to base 3.
-112
Convert -110 (base 5) to base 11.
-28
10 (base 14) to base 13
11
Convert 2 (base 9) to base 3.
2
What is -2 (base 9) in base 4?
-2
-70 (base 8) to base 3
-2002
9 (base 14) to base 9
10
What is b (base 13) in base 12?
b
Convert 1 (base 16) to base 7.
1
Convert -204 (base 7) to base 3.
-10210
Convert 6 (base 10) to base 11.
6
Convert -13 (base 5) to base 7.
-11
Convert -24 (base 6) to base 11.
-15
What is 10 (base 2) in base 10?
2
What is -1043 (base 5) in base 13?
-b5
-3a (base 15) to base 14
-3d
Convert -4 (base 11) to base 8.
-4
Convert -135 (base 7) to base 9.
-83
Convert 304 (base 6) to base 9.
134
What is 2 (base 4) in base 3?
2
What is 18 (base 12) in base 16?
14
What is 2 (base 10) in base 8?
2
What is -10 (base 3) in base 14?
-3
-100000 (base 2) to base 3
-1012
Convert 1 (base 7) to base 5.
1
35 (base 16) to base 12
45
What is -212 (base 4) in base 10?
-38
Convert -12 (base 6) to base 7.
-11
-105 (base 10) to base 11
-96
4 (base 13) to base 2
100
2 (base 7) to base 4
2
What is 11 (base 9) in base 2?
1010
5 (base 13) to base 5
10
Convert -9 (base 14) to base 9.
-10
What is 0 (base 4) in base 5?
0
161 (base 9) to base 10
136
-22 (base 11) to base 2
-11000
-5 (base 7) to base 16
-5
3 (base 6) to base 9
3
Convert 20 (base 7) to base 8.
16
Convert 32 (base 4) to base 5.
24
Convert 23 (base 9) to base 15.
16
1 (base 4) to base 13
1
What is -a (base 13) in base 8?
-12
-1 (base 9) to base 11
-1
-22 (base 4) to base 14
-a
What is 12 (base 7) in base 4?
21
10011 (base 2) to base 3
201
Convert -52 (base 15) to base 8.
-115
Convert 122 (base 8) to base 13.
64
Convert -301 (base 4) to base 11.
-45
What is 46 (base 9) in base 6?
110
-22 (base 10) to base 11
-20
2 (base 12) to base 16
2
Convert -3 (base 9) to base 13.
-3
Convert -45 (base 6) to base 7.
-41
Convert -249 (base 11) to base 12.
-207
Convert 62 (base 9) to base 16.
38
-41 (base 5) to base 2
-10101
What is -13 (base 14) in base 3?
-122
What is -1310 (base 4) in base 8?
-164
What is -1 (base 15) in base 11?
-1
What is 14 (base 9) in base 16?
d
2023 (base 4) to base 6
351
10 (base 11) to base 3
102
10111 (base 2) to base 8
27
Convert 20 (base 7) to base 15.
e
-12 (base 16) to base 7
-24
Convert -100101 (base 2) to base 3.
-1101
Convert 1110 (base 3) to base 4.
213
What is 4 (base 16) in base 10?
4
-7 (base 14) to base 10
-7
2 (base 4) to base 8
2
-4 (base 8) to base 2
-100
What is -2 (base 9) in base 13?
-2
Convert 11 (base 5) to base 4.
12
1a (base 12) to base 9
24
What is -20000 (base 3) in base 16?
-a2
Convert -3 (base 6) to base 14.
-3
What is -15 (base 13) in base 2?
-10010
33 (base 7) to base 16
18
What is -256 (base 7) in base 16?
-8b
What is 11 (base 4) in base 15?
5
What is -30 (base 8) in base 11?
-22
1 (base 2) to base 8
1
-445 (base 8) to base 4
-10211
-1211 (base 3) to base 12
-41
4 (base 8) to base 14
4
5 (base 16) to base 7
5
Convert -7 (base 13) to base 9.
-7
What is -14 (base 6) in base 12?
-a
9 (base 14) to base 10
9
Convert -110 (base 2) to base 12.
-6
Convert 2 (base 9) to base 11.
2
What is 1a (base 14) in base 13?
1b
What is 1 (base 3) in base 9?
1
66 (base 9) to base 3
2020
Convert -24 (base 6) to base 2.
-10000
Convert -1110 (base 3) to base 15.
-29
-4 (base 7) to base 10
-4
-62 (base 7) to base 16
-2c
-2 (base 15) to base 13
-2
3 (base 5) to base 4
3
Convert 6 (base 9) to base 13.
6
What is -7 (base 12) in base 6?
-11
What is -10 (base 14) in base 6?
-22
What is -10 (base 12) in base 15?
-c
Convert -24 (base 5) to base 15.
-e
17 (base 10) to base 8
21
4 (base 15) to base 8
4
-4 (base 8) to base 2
-100
What is 11 (base 2) in base 13?
3
What is -1 (base 7) in base 14?
-1
What is -260 (base 8) in base 16?
-b0
-15 (base 13) to base 16
-12
What is -18 (base 10) in base 8?
-22
Convert 220 (base 4) to base 13.
31
Convert 2 (base 8) to base 10.
2
Convert -4 (base 14) to base 6.
-4
0 (base 14) to base 16
0
-271 (base 9) to base 10
-226
Convert 56 (base 11) to base 16.
3d
6c (base 14) to base 11
88
What is -20 (base 16) in base 13?
-26
6 (base 15) to base 9
6
Convert 103 (base 6) to base 7.
54
Convert -1 (base 15) to base 6.
-1
Convert -2 (base 5) to base 9.
-2
Convert 4 (base 16) to base 5.
4
What is -116 (base 7) in base 10?
-62
Convert 2000 (base 5) to base 7.
505
What is d (base 14) in base 2?
1101
What is -3 (base 7) in base 3?
-10
-19 (base 16) to base 2
-11001
What is -1 (base 7) in base 8?
-1
What is 16 (base 10) in base 8?
20
-331 (base 5) to base 10
-91
Convert -111 (base 9) to base 8.
-133
11 (base 10) to base 13
b
What is -20 (base 11) in base 13?
-19
Convert 10130 (base 4) to base 5.
2114
What is -204 (base 8) in base 13?
-a2
-3 (base 16) to base 13
-3
Convert 0 (base 8) to base 4.
0
-43 (base 7) to base 12
-27
What is -12 (base 5) in base 9?
-7
Convert -245 (base 6) to base 8.
-145
What is 5 (base 11) in base 5?
10
What is -18 (base 11) in base 13?
-16
Convert 1220 (base 5) to base 14.
d3
Convert -4 (base 16) to base 10.
-4
Convert 36 (base 13) to base 8.
55
What is 48 (base 12) in base 15?
3b
-331 (base 4) to base 16
-3d
Convert 7 (base 12) to base 14.
7
7 (base 11) to base 3
21
Convert c0 (base 15) to base 7.
345
Convert 2 (base 12) to base 10.
2
What is -16 (base 12) in base 15?
-13
Convert 14 (base 5) to base 11.
9
Convert 382 (base 9) to base 13.
1b5
What is 2022 (base 4) in base 8?
212
Convert -21 (base 13) to base 16.
-1b
What is -4 (base 10) in base 6?
-4
25 (base 8) to base 14
17
-1 (base 9) to base 7
-1
0 (base 9) to base 4
0
31 (base 4) to base 10
13
Convert -8 (base 11) to base 9.
-8
What is 10 (base 2) in base 9?
2
Convert -31 (base 15) to base 5.
-141
Convert -2 (base 8) to base 10.
-2
31 (base 7) to base 16
16
What is -112 (base 4) in base 14?
-18
-101 (base 5) to base 6
-42
Convert 101 (base 2) to base 7.
5
0 (base 2) to base 4
0
Convert 4 (base 12) to base 6.
4
-2 (base 14) to base 4
-2
Convert -115 (base 7) to base 11.
-56
Convert d (base 14) to base 3.
111
b (base 15) to base 5
21
a (base 12) to base 7
13
101001 (base 2) to base 6
105
5d (base 15) to base 13
6a
Convert 1 (base 5) to base 9.
1
c (base 14) to base 16
c
181 (base 9) to base 14
b0
Convert -1232 (base 5) to base 4.
-3000
Convert 2 (base 5) to base 4.
2
20 (base 16) to base 15
22
Convert -25 (base 13) to base 9.
-34
Convert 0 (base 5) to base 8.
0
Convert -26 (base 16) to base 3.
-1102
6 (base 8) to base 7
6
What is -49 (base 11) in base 7?
-104
Convert 7 (base 16) to base 3.
21
Convert 0 (base 15) to base 6.
0
1 (base 16) to base 6
1
46 (base 11) to base 3
1212
What is 1 (base 15) in base 8?
1
Convert 1 (base 9) to base 12.
1
Convert -51 (base 6) to base 14.
-23
What is -3 (base 9) in base 14?
-3
Convert -1120 (base 4) to base 12.
-74
Convert -105 (base 9) to base 10.
-86
What is 1 (base 4) in base 15?
1
Convert -51 (base 15) to base 4.
-1030
Convert -8 (base 12) to base 14.
-8
Convert -2131 (base 5) to base 16.
-123
Convert 0 (base 8) to base 15.
0
-5 (base 8) to base 12
-5
Convert -11 (base 2) to base 5.
-3
Convert 12 (base 11) to base 14.
d
5b (base 13) to base 2
1001100
1b (base 12) to base 16
17
Convert -3 (base 8) to base 5.
-3
What is -5 (base 12) in base 8?
-5
What is -10 (base 2) in base 3?
-2
What is 101010 (base 2) in base 11?
39
Convert 13 (base 10) to base 15.
d
What is 3 (base 8) in base 15?
3
What is -1 (base 6) in base 7?
-1
Convert 0 (base 6) to base 16.
0
1 (base 13) to base 15
1
Convert 66 (base 15) to base 14.
6c
What is 16 (base 16) in base 10?
22
Convert 5 (base 15) to base 2.
101
Convert -2 (base 6) to base 9.
-2
5a (base 13) to base 16
4b
-1 (base 11) to base 15
-1
Convert 1 (base 3) to base 11.
1
-4 (base 13) to base 7
-4
Convert 3 (base 8) to base 4.
3
What is -1 (base 9) in base 13?
-1
-1 (base 2) to base 10
-1
-13 (base 9) to base 15
-c
10 (base 2) to base 13
2
What is -132 (base 10) in base 5?
-101